tor of r and 352.
32
Suppose -119 = -4*o - 5*a, -2*o - 155 = -7*o - 5*a. What is the greatest common factor of o and 384?
12
Let t = 403 - 400. Calculate the greatest common divisor of t and 7.
1
Let q be (2 + 8/(-6))*99/6. Calculate the highest common factor of q and 220.
11
Let l be (10 - 7)*4/(-3). Let b be -5*l/8*44. Calculate the highest common divisor of 10 and b.
10
Let u = 405 + -388. Calculate the greatest common divisor of u and 85.
17
Suppose 23 = 4*i - n - 4*n, -3 = n. Suppose -u - 2 = -i*u. Let q be u/(-3)*(-99)/6. Calculate the greatest common factor of 77 and q.
11
Let r(l) = -l**3 + 16*l**2 + 3*l - 15. Let h be r(16). What is the greatest common factor of 88 and h?
11
Suppose 0 = a - 3 - 0. Let j be ((-5)/2)/(a/(-6)). Suppose -j*s + 0*s + 75 = 0. Calculate the greatest common divisor of s and 120.
15
Suppose -7*z + 28 = -3*z. Let n = -111 + 112. What is the greatest common divisor of n and z?
1
Suppose -40*a - 187 = -57*a. Calculate the greatest common divisor of a and 473.
11
Suppose 4*m - 34 = 22*c - 27*c, 0 = 2*c - 4*m - 36. Suppose 5*z = -0*z + 2*x + 56, 0 = 3*z + 2*x - 24. What is the greatest common divisor of z and c?
10
Let m = 1051 + -955. What is the highest common factor of m and 512?
32
Let x(d) = -3*d. Let a be x(-3). Let j(w) = 189 - w + 214 - 369. Let p be j(-29). What is the highest common divisor of a and p?
9
Suppose -3*j + 120 = 3*i - 2343, -2*j + 3*i + 1662 = 0. What is the highest common divisor of j and 50?
25
Suppose 0 = 2*o - 2*l - l - 6, 4*o + 4*l = 32. Let y be (110/o)/((-3)/(-9)). Calculate the greatest common factor of y and 5.
5
Suppose 0 = 5*b + 97 + 113. Let z = b + 107. Suppose -4*s + 38 + 14 = -v, 0 = 5*s - 4*v - z. What is the highest common divisor of s and 143?
13
Suppose 3*s + 16 = 5*o + 34, 0 = -o. Calculate the highest common divisor of s and 32.
2
Let w be ((-8)/(-6))/((-32)/(-48)) - -204. Calculate the highest common divisor of w and 1133.
103
Let s(u) be the second derivative of -u**5/20 + 13*u**4/12 + 10*u**3/3 + 6*u**2 + 5*u. Let w be s(14). What is the highest common factor of w and 64?
32
Suppose 3*g = 3*v - 96, 4*v + 3*g = 97 + 52. Calculate the greatest common divisor of v and 259.
7
Let b be -2 - 2/(-4)*-6. Let g(z) = -3*z - 51 - 14*z + 41. Let d be g(b). Calculate the greatest common divisor of d and 30.
15
Suppose 0 = t - 2*t + 154. Let b be (6/4)/(21/t). Calculate the highest common divisor of b and 44.
11
Suppose 2*i + i = 5*y + 8, -3 = 3*y. What is the greatest common divisor of i and 23?
1
Suppose 5*s - 88 = s. Suppose 4*z - 263 = -f, -2*f + 25 = 5*z - 303. Calculate the highest common divisor of s and z.
22
Suppose 201*k - 8960 = 197*k. What is the highest common divisor of 80 and k?
80
Let l(m) = 15*m - 36. Let n be l(4). Calculate the highest common factor of n and 108.
12
Let l(v) = 31*v**2 + 1. Let r be l(1). Let g be r/20*5/2. Suppose 2*c + 2*c - 76 = -3*i, 5*i - 5*c - 185 = 0. What is the highest common factor of g and i?
4
Let j(k) = -k**3 - 7*k**2 - 6*k + 8. Let u be j(-6). Let m be ((-6)/8)/(u/(-1536)). Calculate the greatest common factor of 16 and m.
16
Let p be ((-171)/114)/((-3)/52). What is the greatest common divisor of p and 2?
2
Let b(h) = 15*h**3 - 2*h**2 - 5*h + 6. Let l be b(1). Calculate the highest common factor of l and 56.
14
Let g be ((-297)/(-44))/((-9)/(-24)). Suppose 12 = 6*w - 2*w. Suppose 4*j = 5*i + 26, 4*j = w*j - 5*i + 19. Calculate the highest common divisor of g and j.
9
Suppose -5*s + 0*s + 10 = 0. Let w(j) = -3*j. Let o be w(8). Let i = -23 - o. Calculate the highest common divisor of i and s.
1
Let i = 46 - 43. Suppose w - 1225 = -4*w - 5*q, -4*q = -i*w + 700. What is the greatest common divisor of 10 and w?
10
Let g = -5 + 0. Let m be (-7 + 0)*g*1. Let x(p) = p**2 - 21*p + 7. Let v be x(21). What is the highest common factor of v and m?
7
Suppose 29*l = 27*l + 120. Suppose 0 = -k + 38 + l. Calculate the greatest common divisor of 14 and k.
14
Let o(y) = 73*y - 44. Let b be o(4). What is the highest common divisor of 62 and b?
62
Let p be 3/((-15)/(-8))*(-17 + 12). Let g(d) = -5*d - 8. Let t be g(p). Calculate the highest common divisor of t and 112.
16
Suppose 11*d + 16 = 7*d, v - d - 14 = 0. Calculate the highest common factor of v and 14.
2
Suppose 4*p - k - 226 = 0, -3*k = -0 + 6. Let q = 89 - p. What is the highest common factor of 99 and q?
33
Let s be 4*(-4 + (-51)/(-12)). Let g = 13 + -12. Calculate the highest common factor of g and s.
1
Let z = -42 + 79. Let w = z - -8. Suppose -78 = -5*r + 4*q, 5*q = -2*r + 44 + 7. Calculate the highest common factor of w and r.
9
Suppose 32*r - 18039 = -3639. Calculate the highest common factor of 18 and r.
18
Let c(x) = x**3 + 8*x**2 + 8*x + 9. Let m be c(-6). Suppose 0 = -g + 6*r - 8*r + 11, 0 = -2*g - 2*r + 14. What is the greatest common factor of g and m?
3
Let i be (-51)/7 + 7 + 282/7. What is the highest common factor of i and 280?
40
Suppose -11*a + 21*a = 30. Let v(q) = q**2 + q - 3. Let r be v(-3). Let h = r + 0. Calculate the greatest common factor of h and a.
3
Let r(v) = -v**2 + 15*v + 36. Let z be r(17). Suppose -206 = -z*p + 74. What is the highest common factor of 28 and p?
28
Let z be ((-7)/(35/(-930)))/(11 - 9). Calculate the greatest common factor of 1581 and z.
93
Let w be (-2 + 2*3/12)*-2. Suppose -p + 17 = w*s, 4*p - 41 = 4*s - 5. Calculate the greatest common divisor of 88 and p.
11
Let x be 6 + 2 + -2 + 1. Suppose 504 = -x*n + 14*n. Calculate the greatest common factor of 9 and n.
9
Let f = 67 + -29. Let n(i) = -i**2 - 15 - i**3 - 7*i - 11*i - 12*i**2. Let q be n(-12). What is the highest common factor of q and f?
19
Let g(d) = -d + 5. Let y be g(-4). What is the highest common factor of y and 117?
9
Let l = 87 - 129. Let v(f) = -f**3 - 12*f**2 - 10*f - 14. Let s be v(-11). Let x = s - l. What is the greatest common divisor of 34 and x?
17
Let o(q) = 209*q**3 - q**2 + 6*q - 6. Suppose -2*w - 4*z - 18 = 0, 4*w + z + 0*z + 1 = 0. Let a be o(w). Calculate the highest common divisor of a and 26.
26
Suppose 0 = -2*b - 0*b + 2*c + 36, -65 = -4*b - 3*c. Suppose -5*f = b - 47. What is the greatest common divisor of f and 24?
6
Suppose -52*y + 38*y - 364 = 0. Let i(u) = -33*u + 4. Let q be i(-5). Let m = y + q. What is the highest common divisor of m and 13?
13
Let f = 1056 + -447. What is the highest common divisor of 29 and f?
29
Suppose 2*t - 132 = -2*j, 14*t - 362 = -5*j + 17*t. What is the highest common divisor of j and 56?
14
Suppose 0*w = -4*w + g + 547, -2*g + 674 = 5*w. What is the greatest common factor of w and 32?
8
Let p(o) = -o**2 + 7*o - 3. Let q be p(5). Suppose 158 = 3*l - 4*t - 245, -l = -3*t - 136. What is the greatest common factor of l and q?
7
Suppose 7*t = 2*t - 130. Let b = 99 - t. What is the highest common divisor of 50 and b?
25
Let c = -32 - -53. Let a = -257 + 264. What is the greatest common divisor of a and c?
7
Let v be 2/(-6) + 780/(-117) - -587. Calculate the highest common factor of 120 and v.
20
Let r(i) = 2*i**3 + i**2 + i - 2. Let d be r(2). Suppose 5*o - 402 = x, 3*x - 2*x + 82 = o. What is the highest common factor of d and o?
20
Let r(v) = -v**3 - 8*v**2 - 12*v - 15. Let j be r(-7). Let s be (1 - (1 - j)) + 1. Calculate the highest common factor of 42 and s.
21
Let x = 139 + -97. Let u = x - 34. Calculate the highest common divisor of 72 and u.
8
Suppose -275*t - 204 = -278*t. Let x be 3*(17/3 - 0). Calculate the highest common divisor of t and x.
17
Let u(d) = -11*d**2 - d**3 - 9*d + 1 + 3 + 0. Let w be u(-10). Let t be (-11)/w + (-2)/(-12). Calculate the highest common divisor of t and 2.
2
Suppose 10 = 4*z - 6. Let b be 0 - (11 + (-12 - 11)). What is the greatest common divisor of b and z?
4
Suppose 0 = -294*j + 288*j + 1806. What is the highest common factor of j and 35?
7
Suppose -5*w - 426 + 491 = 0. Suppose 0*t + 2*t = 6. Suppose 715 = 8*x - t*x. Calculate the greatest common divisor of w and x.
13
Suppose 2*q - 6 = -2*d + 24, -3*q + 3*d + 51 = 0. Calculate the greatest common factor of 200 and q.
8
Let l(o) = 177*o - 1. Let z be l(2). Suppose -430 = -6*m - 1924. Let n = z + m. What is the highest common divisor of n and 13?
13
Let k(j) = -j**3 + 2*j - 8. Let c be k(-4). What is the highest common factor of 272 and c?
16
L